{"id":1179,"date":"2019-05-18T17:52:41","date_gmt":"2019-05-18T15:52:41","guid":{"rendered":"http:\/\/zavod-baraga.si\/?page_id=1179"},"modified":"2022-08-21T22:09:14","modified_gmt":"2022-08-21T20:09:14","slug":"katehetsko-pastoralna-sola","status":"publish","type":"page","link":"https:\/\/zavod-baraga.si\/?page_id=1179","title":{"rendered":"Katehetsko pastoralna \u0161ola"},"content":{"rendered":"\n<p>Lepo pozdravljeni bodo\u010di slu\u0161atelji Katehetsko pastoralne \u0161ole v Novem mestu. <\/p>\n\n\n\n<p>Katehetsko pastoralna \u0161ola usposablja&nbsp;katehiste,&nbsp;animatorje birmanskih in drugih skupin ter&nbsp;voditelje bibli\u010dnih skupin.<\/p>\n\n\n\n<p>NAMENJENA je vsem, ki:<\/p>\n\n\n\n<ul><li>\u017eelijo poglobiti svoje versko znanje,<\/li><li>\u017eelijo narediti nekaj za svojo duhovno rast,<\/li><li>\u017eelijo pridobiti osnove teolo\u0161kih, filozofskih in antropolo\u0161kih ved,<\/li><li>\u017eelijo poglobiti poznavanje Svetega pisma,<\/li><li>se \u017eelijo usposobiti za katehetsko delo,<\/li><li>\u017eelijo obogatiti svoje katehetsko delo,<\/li><li>\u017ee pou\u010dujejo verouk ali pomagajo pri vodenju bibli\u010dnih skupin, pa nimajo primerne izobrazbe,<\/li><li>vodijo birmanske in druge skupine,<\/li><li>so bogoslu\u017eni sodelavci na \u017eupniji,<\/li><li>so \u010dlani \u017eupnijskega pastoralnega sveta,<\/li><li>\u017eelijo na razli\u010dne na\u010dine pomagati pri pastoralnem delu na \u017eupniji.<\/li><\/ul>\n\n\n\n<figure class=\"wp-block-image\"><img loading=\"lazy\" decoding=\"async\" width=\"1748\" height=\"1242\" src=\"https:\/\/i0.wp.com\/zavod-baraga.si\/wp-content\/uploads\/2022\/08\/Katehetsko-pastoralna-\u0161ola-2022_zgibanka_page-0001.jpg?fit=840%2C597\" alt=\"\" class=\"wp-image-1264\" srcset=\"https:\/\/i0.wp.com\/zavod-baraga.si\/wp-content\/uploads\/2022\/08\/Katehetsko-pastoralna-\u0161ola-2022_zgibanka_page-0001.jpg?w=1748&amp;ssl=1 1748w, https:\/\/i0.wp.com\/zavod-baraga.si\/wp-content\/uploads\/2022\/08\/Katehetsko-pastoralna-\u0161ola-2022_zgibanka_page-0001.jpg?resize=300%2C213&amp;ssl=1 300w, https:\/\/i0.wp.com\/zavod-baraga.si\/wp-content\/uploads\/2022\/08\/Katehetsko-pastoralna-\u0161ola-2022_zgibanka_page-0001.jpg?resize=768%2C546&amp;ssl=1 768w, https:\/\/i0.wp.com\/zavod-baraga.si\/wp-content\/uploads\/2022\/08\/Katehetsko-pastoralna-\u0161ola-2022_zgibanka_page-0001.jpg?resize=1024%2C728&amp;ssl=1 1024w, https:\/\/i0.wp.com\/zavod-baraga.si\/wp-content\/uploads\/2022\/08\/Katehetsko-pastoralna-\u0161ola-2022_zgibanka_page-0001.jpg?resize=1200%2C853&amp;ssl=1 1200w, https:\/\/i0.wp.com\/zavod-baraga.si\/wp-content\/uploads\/2022\/08\/Katehetsko-pastoralna-\u0161ola-2022_zgibanka_page-0001.jpg?w=1680&amp;ssl=1 1680w\" sizes=\"(max-width: 709px) 85vw, (max-width: 909px) 67vw, (max-width: 1362px) 62vw, 840px\" \/><\/figure>\n\n\n\n<figure class=\"wp-block-image\"><img loading=\"lazy\" decoding=\"async\" width=\"1748\" height=\"1242\" src=\"https:\/\/i0.wp.com\/zavod-baraga.si\/wp-content\/uploads\/2022\/08\/Katehetsko-pastoralna-\u0161ola-2022_zgibanka_page-0002.jpg?fit=840%2C597\" alt=\"\" class=\"wp-image-1265\" srcset=\"https:\/\/i0.wp.com\/zavod-baraga.si\/wp-content\/uploads\/2022\/08\/Katehetsko-pastoralna-\u0161ola-2022_zgibanka_page-0002.jpg?w=1748&amp;ssl=1 1748w, https:\/\/i0.wp.com\/zavod-baraga.si\/wp-content\/uploads\/2022\/08\/Katehetsko-pastoralna-\u0161ola-2022_zgibanka_page-0002.jpg?resize=300%2C213&amp;ssl=1 300w, https:\/\/i0.wp.com\/zavod-baraga.si\/wp-content\/uploads\/2022\/08\/Katehetsko-pastoralna-\u0161ola-2022_zgibanka_page-0002.jpg?resize=768%2C546&amp;ssl=1 768w, https:\/\/i0.wp.com\/zavod-baraga.si\/wp-content\/uploads\/2022\/08\/Katehetsko-pastoralna-\u0161ola-2022_zgibanka_page-0002.jpg?resize=1024%2C728&amp;ssl=1 1024w, https:\/\/i0.wp.com\/zavod-baraga.si\/wp-content\/uploads\/2022\/08\/Katehetsko-pastoralna-\u0161ola-2022_zgibanka_page-0002.jpg?resize=1200%2C853&amp;ssl=1 1200w, https:\/\/i0.wp.com\/zavod-baraga.si\/wp-content\/uploads\/2022\/08\/Katehetsko-pastoralna-\u0161ola-2022_zgibanka_page-0002.jpg?w=1680&amp;ssl=1 1680w\" sizes=\"(max-width: 709px) 85vw, (max-width: 909px) 67vw, (max-width: 1362px) 62vw, 840px\" \/><\/figure>\n","protected":false},"excerpt":{"rendered":"<p>Lepo pozdravljeni bodo\u010di slu\u0161atelji Katehetsko pastoralne \u0161ole v Novem mestu. Katehetsko pastoralna \u0161ola usposablja&nbsp;katehiste,&nbsp;animatorje birmanskih in drugih skupin ter&nbsp;voditelje bibli\u010dnih skupin. NAMENJENA je vsem, ki: \u017eelijo poglobiti svoje versko znanje, \u017eelijo narediti nekaj za svojo duhovno rast, \u017eelijo pridobiti osnove teolo\u0161kih, filozofskih in antropolo\u0161kih ved, \u017eelijo poglobiti poznavanje Svetega pisma, se \u017eelijo usposobiti za katehetsko &hellip; <a href=\"https:\/\/zavod-baraga.si\/?page_id=1179\" class=\"more-link\">Preberi ve\u010d<span class=\"screen-reader-text\"> &#8220;Katehetsko pastoralna \u0161ola&#8221;<\/span><\/a><\/p>\n","protected":false},"author":2,"featured_media":0,"parent":0,"menu_order":0,"comment_status":"closed","ping_status":"closed","template":"","meta":{"jetpack_post_was_ever_published":false,"footnotes":""},"yoast_head":"<!-- This site is optimized with the Yoast SEO plugin v22.2 - https:\/\/yoast.com\/wordpress\/plugins\/seo\/ -->\n<title>Katehetsko pastoralna \u0161ola - Zavod Friderik Irenej Baraga<\/title>\n<meta name=\"robots\" content=\"index, follow, max-snippet:-1, max-image-preview:large, max-video-preview:-1\" \/>\n<link rel=\"canonical\" href=\"https:\/\/zavod-baraga.si\/?page_id=1179\" \/>\n<meta property=\"og:locale\" content=\"sl_SI\" \/>\n<meta property=\"og:type\" content=\"article\" \/>\n<meta property=\"og:title\" content=\"Katehetsko pastoralna \u0161ola - Zavod Friderik Irenej Baraga\" \/>\n<meta property=\"og:description\" content=\"Lepo pozdravljeni bodo\u010di slu\u0161atelji Katehetsko pastoralne \u0161ole v Novem mestu. Katehetsko pastoralna \u0161ola usposablja&nbsp;katehiste,&nbsp;animatorje birmanskih in drugih skupin ter&nbsp;voditelje bibli\u010dnih skupin. NAMENJENA je vsem, ki: \u017eelijo poglobiti svoje versko znanje, \u017eelijo narediti nekaj za svojo duhovno rast, \u017eelijo pridobiti osnove teolo\u0161kih, filozofskih in antropolo\u0161kih ved, \u017eelijo poglobiti poznavanje Svetega pisma, se \u017eelijo usposobiti za katehetsko &hellip; Preberi ve\u010d &quot;Katehetsko pastoralna \u0161ola&quot;\" \/>\n<meta property=\"og:url\" content=\"https:\/\/zavod-baraga.si\/?page_id=1179\" \/>\n<meta property=\"og:site_name\" content=\"Zavod Friderik Irenej Baraga\" \/>\n<meta property=\"article:modified_time\" content=\"2022-08-21T20:09:14+00:00\" \/>\n<meta name=\"twitter:card\" content=\"summary_large_image\" \/>\n<meta name=\"twitter:label1\" content=\"Est. reading time\" \/>\n\t<meta name=\"twitter:data1\" content=\"1 minuta\" \/>\n<script type=\"application\/ld+json\" class=\"yoast-schema-graph\">{\"@context\":\"https:\/\/schema.org\",\"@graph\":[{\"@type\":\"WebPage\",\"@id\":\"https:\/\/zavod-baraga.si\/?page_id=1179\",\"url\":\"https:\/\/zavod-baraga.si\/?page_id=1179\",\"name\":\"Katehetsko pastoralna \u0161ola - Zavod Friderik Irenej Baraga\",\"isPartOf\":{\"@id\":\"https:\/\/zavod-baraga.si\/#website\"},\"datePublished\":\"2019-05-18T15:52:41+00:00\",\"dateModified\":\"2022-08-21T20:09:14+00:00\",\"breadcrumb\":{\"@id\":\"https:\/\/zavod-baraga.si\/?page_id=1179#breadcrumb\"},\"inLanguage\":\"sl-SI\",\"potentialAction\":[{\"@type\":\"ReadAction\",\"target\":[\"https:\/\/zavod-baraga.si\/?page_id=1179\"]}]},{\"@type\":\"BreadcrumbList\",\"@id\":\"https:\/\/zavod-baraga.si\/?page_id=1179#breadcrumb\",\"itemListElement\":[{\"@type\":\"ListItem\",\"position\":1,\"name\":\"Home\",\"item\":\"https:\/\/zavod-baraga.si\/\"},{\"@type\":\"ListItem\",\"position\":2,\"name\":\"Katehetsko pastoralna \u0161ola\"}]},{\"@type\":\"WebSite\",\"@id\":\"https:\/\/zavod-baraga.si\/#website\",\"url\":\"https:\/\/zavod-baraga.si\/\",\"name\":\"Zavod Friderik Irenej Baraga\",\"description\":\"za vzgojo, izobra\u017eevanje in kulturne dejavnosti\",\"potentialAction\":[{\"@type\":\"SearchAction\",\"target\":{\"@type\":\"EntryPoint\",\"urlTemplate\":\"https:\/\/zavod-baraga.si\/?s={search_term_string}\"},\"query-input\":\"required name=search_term_string\"}],\"inLanguage\":\"sl-SI\"}]}<\/script>\n<!-- \/ Yoast SEO plugin. -->","yoast_head_json":{"title":"Katehetsko pastoralna \u0161ola - Zavod Friderik Irenej Baraga","robots":{"index":"index","follow":"follow","max-snippet":"max-snippet:-1","max-image-preview":"max-image-preview:large","max-video-preview":"max-video-preview:-1"},"canonical":"https:\/\/zavod-baraga.si\/?page_id=1179","og_locale":"sl_SI","og_type":"article","og_title":"Katehetsko pastoralna \u0161ola - Zavod Friderik Irenej Baraga","og_description":"Lepo pozdravljeni bodo\u010di slu\u0161atelji Katehetsko pastoralne \u0161ole v Novem mestu. Katehetsko pastoralna \u0161ola usposablja&nbsp;katehiste,&nbsp;animatorje birmanskih in drugih skupin ter&nbsp;voditelje bibli\u010dnih skupin. NAMENJENA je vsem, ki: \u017eelijo poglobiti svoje versko znanje, \u017eelijo narediti nekaj za svojo duhovno rast, \u017eelijo pridobiti osnove teolo\u0161kih, filozofskih in antropolo\u0161kih ved, \u017eelijo poglobiti poznavanje Svetega pisma, se \u017eelijo usposobiti za katehetsko &hellip; Preberi ve\u010d \"Katehetsko pastoralna \u0161ola\"","og_url":"https:\/\/zavod-baraga.si\/?page_id=1179","og_site_name":"Zavod Friderik Irenej Baraga","article_modified_time":"2022-08-21T20:09:14+00:00","twitter_card":"summary_large_image","twitter_misc":{"Est. reading time":"1 minuta"},"schema":{"@context":"https:\/\/schema.org","@graph":[{"@type":"WebPage","@id":"https:\/\/zavod-baraga.si\/?page_id=1179","url":"https:\/\/zavod-baraga.si\/?page_id=1179","name":"Katehetsko pastoralna \u0161ola - Zavod Friderik Irenej Baraga","isPartOf":{"@id":"https:\/\/zavod-baraga.si\/#website"},"datePublished":"2019-05-18T15:52:41+00:00","dateModified":"2022-08-21T20:09:14+00:00","breadcrumb":{"@id":"https:\/\/zavod-baraga.si\/?page_id=1179#breadcrumb"},"inLanguage":"sl-SI","potentialAction":[{"@type":"ReadAction","target":["https:\/\/zavod-baraga.si\/?page_id=1179"]}]},{"@type":"BreadcrumbList","@id":"https:\/\/zavod-baraga.si\/?page_id=1179#breadcrumb","itemListElement":[{"@type":"ListItem","position":1,"name":"Home","item":"https:\/\/zavod-baraga.si\/"},{"@type":"ListItem","position":2,"name":"Katehetsko pastoralna \u0161ola"}]},{"@type":"WebSite","@id":"https:\/\/zavod-baraga.si\/#website","url":"https:\/\/zavod-baraga.si\/","name":"Zavod Friderik Irenej Baraga","description":"za vzgojo, izobra\u017eevanje in kulturne dejavnosti","potentialAction":[{"@type":"SearchAction","target":{"@type":"EntryPoint","urlTemplate":"https:\/\/zavod-baraga.si\/?s={search_term_string}"},"query-input":"required name=search_term_string"}],"inLanguage":"sl-SI"}]}},"jetpack_sharing_enabled":true,"_links":{"self":[{"href":"https:\/\/zavod-baraga.si\/index.php?rest_route=\/wp\/v2\/pages\/1179"}],"collection":[{"href":"https:\/\/zavod-baraga.si\/index.php?rest_route=\/wp\/v2\/pages"}],"about":[{"href":"https:\/\/zavod-baraga.si\/index.php?rest_route=\/wp\/v2\/types\/page"}],"author":[{"embeddable":true,"href":"https:\/\/zavod-baraga.si\/index.php?rest_route=\/wp\/v2\/users\/2"}],"replies":[{"embeddable":true,"href":"https:\/\/zavod-baraga.si\/index.php?rest_route=%2Fwp%2Fv2%2Fcomments&post=1179"}],"version-history":[{"count":4,"href":"https:\/\/zavod-baraga.si\/index.php?rest_route=\/wp\/v2\/pages\/1179\/revisions"}],"predecessor-version":[{"id":1267,"href":"https:\/\/zavod-baraga.si\/index.php?rest_route=\/wp\/v2\/pages\/1179\/revisions\/1267"}],"wp:attachment":[{"href":"https:\/\/zavod-baraga.si\/index.php?rest_route=%2Fwp%2Fv2%2Fmedia&parent=1179"}],"curies":[{"name":"wp","href":"https:\/\/api.w.org\/{rel}","templated":true}]}}